{"id":2413,"date":"2025-04-04T17:51:07","date_gmt":"2025-04-04T15:51:07","guid":{"rendered":"https:\/\/www.bee-happy.net\/miel\/?post_type=product&#038;p=2413"},"modified":"2026-04-03T17:48:12","modified_gmt":"2026-04-03T15:48:12","slug":"miel-de-mure-et-bruyere","status":"publish","type":"product","link":"https:\/\/www.bee-happy.net\/miel\/produit\/miel-de-mure-et-bruyere\/","title":{"rendered":"Miel de M\u00fbre et Bruy\u00e8re"},"content":{"rendered":"<h2>Miel non chauff\u00e9, \u00e9labor\u00e9 dans la for\u00eat originale landaise, r\u00e9colt\u00e9 et mis en pot par l&rsquo;apicultrice \u00e0 Labrit (Landes).<\/h2>\n<div id=\"_tcx-xs68avq57ta\" class=\"_tc_offscreeneded\"><\/div>\n<div id=\"_tcx-7kdtcgtz7c6\" class=\"_tc_offscreeneded\"><\/div>\n","protected":false},"excerpt":{"rendered":"<h2 style=\"text-align: center;\">Miel \u00e9labor\u00e9 dans la for\u00eat originale landaise. Du nectar des fleurs de Ronce sauvage et de Bruy\u00e8re cendr\u00e9e<\/h2>\n","protected":false},"featured_media":2417,"comment_status":"closed","ping_status":"closed","template":"","meta":{"_gspb_post_css":""},"product_brand":[],"product_cat":[147],"product_tag":[155,150,154,153],"class_list":{"0":"post-2413","1":"product","2":"type-product","3":"status-publish","4":"has-post-thumbnail","6":"product_cat-miels","7":"product_tag-bruyere","8":"product_tag-foret","9":"product_tag-mure","10":"product_tag-ronce","11":"pa_potmiel-250g","12":"pa_potmiel-500g","14":"first","15":"outofstock","16":"taxable","17":"shipping-taxable","18":"purchasable","19":"product-type-variable","20":"has-default-attributes"},"_links":{"self":[{"href":"https:\/\/www.bee-happy.net\/miel\/wp-json\/wp\/v2\/product\/2413","targetHints":{"allow":["GET"]}}],"collection":[{"href":"https:\/\/www.bee-happy.net\/miel\/wp-json\/wp\/v2\/product"}],"about":[{"href":"https:\/\/www.bee-happy.net\/miel\/wp-json\/wp\/v2\/types\/product"}],"replies":[{"embeddable":true,"href":"https:\/\/www.bee-happy.net\/miel\/wp-json\/wp\/v2\/comments?post=2413"}],"wp:featuredmedia":[{"embeddable":true,"href":"https:\/\/www.bee-happy.net\/miel\/wp-json\/wp\/v2\/media\/2417"}],"wp:attachment":[{"href":"https:\/\/www.bee-happy.net\/miel\/wp-json\/wp\/v2\/media?parent=2413"}],"wp:term":[{"taxonomy":"product_brand","embeddable":true,"href":"https:\/\/www.bee-happy.net\/miel\/wp-json\/wp\/v2\/product_brand?post=2413"},{"taxonomy":"product_cat","embeddable":true,"href":"https:\/\/www.bee-happy.net\/miel\/wp-json\/wp\/v2\/product_cat?post=2413"},{"taxonomy":"product_tag","embeddable":true,"href":"https:\/\/www.bee-happy.net\/miel\/wp-json\/wp\/v2\/product_tag?post=2413"}],"curies":[{"name":"wp","href":"https:\/\/api.w.org\/{rel}","templated":true}]}}